{"id":699,"date":"2020-11-03T18:11:31","date_gmt":"2020-11-03T21:11:31","guid":{"rendered":"https:\/\/iesmarchettianexoiii-tuc.infd.edu.ar\/sitio\/?page_id=699"},"modified":"2026-03-29T20:04:16","modified_gmt":"2026-03-29T23:04:16","slug":"carreras","status":"publish","type":"page","link":"https:\/\/iesmarchettianexoiii-tuc.infd.edu.ar\/sitio\/carreras\/","title":{"rendered":"CARRERAS"},"content":{"rendered":"<ul>\n<li><strong><img decoding=\"async\" loading=\"lazy\" class=\"alignnone size-medium wp-image-1117\" src=\"https:\/\/iesmarchettianexoiii-tuc.infd.edu.ar\/sitio\/wp-content\/uploads\/2026\/03\/Triptico-PRE-INSCRIPCION-2026-IES-Bella-Vista-1-1000x707.jpeg\" alt=\"\" width=\"1000\" height=\"707\" srcset=\"https:\/\/iesmarchettianexoiii-tuc.infd.edu.ar\/sitio\/wp-content\/uploads\/2026\/03\/Triptico-PRE-INSCRIPCION-2026-IES-Bella-Vista-1-1000x707.jpeg 1000w, https:\/\/iesmarchettianexoiii-tuc.infd.edu.ar\/sitio\/wp-content\/uploads\/2026\/03\/Triptico-PRE-INSCRIPCION-2026-IES-Bella-Vista-1-768x543.jpeg 768w, https:\/\/iesmarchettianexoiii-tuc.infd.edu.ar\/sitio\/wp-content\/uploads\/2026\/03\/Triptico-PRE-INSCRIPCION-2026-IES-Bella-Vista-1-1536x1086.jpeg 1536w, https:\/\/iesmarchettianexoiii-tuc.infd.edu.ar\/sitio\/wp-content\/uploads\/2026\/03\/Triptico-PRE-INSCRIPCION-2026-IES-Bella-Vista-1.jpeg 1600w\" sizes=\"(max-width: 1000px) 100vw, 1000px\" \/>Profesorado de Educaci\u00f3n Secundaria en Lengua y Literatura<\/strong><\/li>\n<li><strong>Profesorado de Educaci\u00f3n Secundaria en Matem\u00e1tica<\/strong><\/li>\n<\/ul>\n<p><a href=\"https:\/\/iesmarchettianexoiii-tuc.infd.edu.ar\/sitio\/wp-content\/uploads\/2026\/03\/RESOLUCION-lengua-y-literatura-0034-MED-24-pdf.io_.pdf\">RESOLUCION lengua y literatura -0034-MED-24-pdf.io_<\/a><\/p>\n<p><a href=\"https:\/\/iesmarchettianexoiii-tuc.infd.edu.ar\/sitio\/wp-content\/uploads\/2026\/03\/Res._1421_-_Profesorado_de_Educacion_Secundaria_en_Lengua__y.pdf\">Res._1421_-_Profesorado_de_Educacion_Secundaria_en_Lengua__y<\/a><\/p>\n<p>Res._1422-_Profesorado_de_Educacion_Secundaria_en_Matematica<\/p>\n<p>&nbsp;<\/p>\n","protected":false},"excerpt":{"rendered":"<p>Profesorado de Educaci\u00f3n Secundaria en Lengua y Literatura Profesorado de Educaci\u00f3n Secundaria en Matem\u00e1tica RESOLUCION lengua y literatura -0034-MED-24-pdf.io_ Res._1421_-_Profesorado_de_Educacion_Secundaria_en_Lengua__y Res._1422-_Profesorado_de_Educacion_Secundaria_en_Matematica &nbsp;<\/p>\n","protected":false},"author":34,"featured_media":0,"parent":0,"menu_order":0,"comment_status":"closed","ping_status":"closed","template":"","meta":[],"acf":[],"_links":{"self":[{"href":"https:\/\/iesmarchettianexoiii-tuc.infd.edu.ar\/sitio\/wp-json\/wp\/v2\/pages\/699"}],"collection":[{"href":"https:\/\/iesmarchettianexoiii-tuc.infd.edu.ar\/sitio\/wp-json\/wp\/v2\/pages"}],"about":[{"href":"https:\/\/iesmarchettianexoiii-tuc.infd.edu.ar\/sitio\/wp-json\/wp\/v2\/types\/page"}],"author":[{"embeddable":true,"href":"https:\/\/iesmarchettianexoiii-tuc.infd.edu.ar\/sitio\/wp-json\/wp\/v2\/users\/34"}],"replies":[{"embeddable":true,"href":"https:\/\/iesmarchettianexoiii-tuc.infd.edu.ar\/sitio\/wp-json\/wp\/v2\/comments?post=699"}],"version-history":[{"count":3,"href":"https:\/\/iesmarchettianexoiii-tuc.infd.edu.ar\/sitio\/wp-json\/wp\/v2\/pages\/699\/revisions"}],"predecessor-version":[{"id":1129,"href":"https:\/\/iesmarchettianexoiii-tuc.infd.edu.ar\/sitio\/wp-json\/wp\/v2\/pages\/699\/revisions\/1129"}],"wp:attachment":[{"href":"https:\/\/iesmarchettianexoiii-tuc.infd.edu.ar\/sitio\/wp-json\/wp\/v2\/media?parent=699"}],"curies":[{"name":"wp","href":"https:\/\/api.w.org\/{rel}","templated":true}]}}